o(u) = 24*u. Let f be o(3). Suppose 3*v + 3*t - 215 = 118, 4*t = -5*v + 552. What is the greatest common divisor of f and v?
36
Suppose 12*x + 2*i - 610 = 10*x, -2*x = -i - 619. What is the highest common divisor of x and 132?
44
Let c(l) = -2*l**2 + 4*l - 2. Let b be c(0). Let f be (7/14)/(b + 1)*-18. What is the greatest common factor of f and 18?
9
Let h = -89 + 91. Let n(p) = p**3 - 7*p**2 + 6. Let g be n(7). Suppose -g = b - 4*b. Calculate the greatest common factor of h and b.
2
Let w = -272 - -426. Suppose -w = -12*m + 5*m. What is the highest common divisor of 2 and m?
2
Let b(f) = -f**2 - 7*f + 4. Suppose -5*z = 2*w - 6, 38 + 1 = -5*w + z. Let g be b(w). Calculate the greatest common factor of 4 and g.
4
Suppose -5*w - 825 = -20*w. Let d(p) = -p - 2. Let c be d(-6). Suppose 0 = -2*z + t + 22, -c*t = -t. Calculate the greatest common factor of z and w.
11
Let m be 2/2*-3*-1. Let h(q) = q**2 - q + 6. Suppose -3*y + 4*l + 20 = 0, 2*l + 8 + 2 = y. Let a be h(y). Calculate the greatest common factor of a and m.
3
Let c(i) = -6*i + 6. Let w be c(-6). Let y = -360 - -362. Let k = w + y. Calculate the highest common factor of 11 and k.
11
Let r be 16 - (-2 + (-3)/(-3)). Let l = 22 - r. Suppose -62 = -4*f - 2. What is the highest common factor of f and l?
5
Suppose -5*l - 2928 - 692 = 0. Let y be l/(-12) + (-1)/3. Suppose 5*p = 5 + y. Calculate the greatest common factor of p and 78.
13
Let t(b) = -b - 16. Let f be t(-8). Let j be (-7 + 4)/(3/f). Let l be 2681/42 + 2/12. Calculate the greatest common factor of l and j.
8
Suppose -2*z = -2*y - 34, 0 = 2*z + y + 2*y - 29. What is the greatest common divisor of 1 and z?
1
Suppose -4*n + 1932 = -7*n. Let r be (2/4)/(14/n). Let t = -7 - r. Calculate the greatest common divisor of t and 16.
16
Let b = -616 - -369. Let f = -139 - b. What is the highest common divisor of 72 and f?
36
Suppose 6 = -5*f - 3*m + 114, 0 = -2*m - 8. Calculate the highest common divisor of f and 424.
8
Let w = 471 - 200. Let o = -161 + w. What is the greatest common divisor of o and 10?
10
Let f be 557/3 - (-86)/(-129). Calculate the highest common factor of f and 10.
5
Let f be (-2)/3 + 22/(-3). Let n(w) = -2*w**2 - 60*w - 59. Let l be n(-29). Let u = l - f. What is the greatest common factor of 35 and u?
7
Suppose -113 - 447 = -14*d. Calculate the greatest common factor of d and 8.
8
Let t be (-152 - 1)*2/(-6). Let w be 2/8 + 67/4. What is the greatest common divisor of w and t?
17
Let k = -62 - -77. What is the highest common divisor of k and 1005?
15
Let f = -100 - -46. Let k = -15 - f. Calculate the greatest common factor of k and 156.
39
Let j(i) = 10*i**2 - 11*i + 2. Suppose 7*c - 8 = 3*c. Let x be j(c). Let d = 55 + -25. Calculate the highest common factor of d and x.
10
Suppose k + 80 = -4*k. Let r(q) = q**3 + 15*q**2 - 14*q + 23. Let m be r(k). Let h be (-889)/m + (-4)/(-18). What is the greatest common divisor of h and 9?
9
Suppose -19 - 8861 = -30*y. What is the highest common factor of 8 and y?
8
Suppose 4*j = 4 + 8. Suppose 81 = g - j*c, -3*g + 5*c + 157 = -g. Suppose 66 = 4*d - 22. What is the highest common divisor of d and g?
22
Suppose -2*s = -2*l + 20 + 42, 59 = 2*l - s. Let y(w) = -w**3 - 6*w**2 - w - 2. Let k be y(-6). What is the greatest common factor of k and l?
4
Let l = -367 + 419. Calculate the greatest common divisor of l and 247.
13
Let t(y) = y + 25. Let u be t(-11). What is the highest common factor of 14 and u?
14
Suppose -5*v - 7 = -22. Let m be 2/(v - 4) + 14. Let q = 47 + -17. Calculate the greatest common divisor of q and m.
6
Let l = 817 - 713. Let r be 4/3 + (-6)/(-9). Suppose -r*o = -o - 13. What is the highest common factor of l and o?
13
Suppose -480 = -3*v - 0*v. Suppose u + 4*f + f - v = 0, -u + 5*f = -110. What is the greatest common divisor of u and 27?
27
Let o(d) = -16*d - 33. Let t be o(-4). Suppose -5*j - 257 = -877. Calculate the greatest common divisor of t and j.
31
Let l = 928 + -530. Suppose 0 = -5*m + 2*b + l, 0 = 5*m + 5*b - 149 - 256. Let a be 4/14 + (-444)/(-14). What is the highest common divisor of a and m?
16
Let w = 11 - 8. Let l = -1 + w. Suppose -l*r + 5 = -235. Calculate the greatest common divisor of r and 15.
15
Let q be (-1)/1 - (-210)/15. Let j = -8 - -5. Let r be ((-2)/j)/((-4)/(-546)). What is the highest common factor of r and q?
13
Suppose 41*y - 144 = 5*y. Suppose 3*n - 10 - 2 = 0. What is the greatest common divisor of n and y?
4
Let n(d) = -60*d. Let p be n(-2). Let h be 104/10 - 2172/905. Calculate the highest common factor of p and h.
8
Let l = 1537 - 1509. What is the greatest common divisor of 476 and l?
28
Suppose -8*g - 3 = -5*g. Let x(b) = 35*b**2 - 1. Let p be x(g). Calculate the greatest common divisor of p and 85.
17
Suppose 10*x - 4870 + 290 = 0. What is the greatest common factor of 2 and x?
2
Let v = -2 + 1. Let h = -2 - v. Let d be (h - 2)/((-11)/77). Calculate the greatest common factor of 189 and d.
21
Suppose -110*t - 540 = -116*t. Calculate the highest common divisor of 420 and t.
30
Suppose 3*w - d = 7, -3*d + 4 = -d. Let b be 51 + -4 + -3 - (w - 5). What is the highest common divisor of b and 184?
46
Let k be ((-4)/(-3))/((-102)/(-16371)). What is the highest common factor of k and 4?
2
Let t = -8 + 16. Let k = -2 + t. Let m(b) = 4*b + 102. Let y be m(-24). What is the highest common divisor of y and k?
6
Let r = 311 + -547. Let y be 0 - 3 - (r + 8). Calculate the greatest common factor of y and 25.
25
Suppose 15*b + 50 = 155. Calculate the greatest common factor of b and 63.
7
Suppose 0 = 2*r - 2, -4*h - 2*r - 43 = -9. Let f be (6/h)/(6/(-315)). Calculate the highest common divisor of f and 35.
35
Let r = -1 - -3. Suppose x + 25 = -3*l + 110, r*x + 10 = 0. Let o = -566 + 611. What is the highest common factor of l and o?
15
Let l(g) = 7*g**2 + 5*g + 2. Let o = 2 - 5. Let i be l(o). Let j = 329 - 309. Calculate the highest common divisor of j and i.
10
Let r = 5 - -4. Suppose -10*x + 108 = -r*x. Calculate the highest common divisor of x and 36.
36
Let m be (51 + (-21)/7)*(-8)/(-6). Suppose -12 = -5*t + 3. Suppose 3*v = -b + 47, -4*v - 2*b + 14 = -t*v. Calculate the greatest common factor of m and v.
16
Let p be (210/75)/(3*(-4)/(-180)). Let g = 0 + 1. Let h be (-16)/20*(-35)/g. Calculate the highest common divisor of h and p.
14
Let y be (-2)/((8/6)/2). Let v(l) be the first derivative of l**3/3 - 3. Let f be v(y). Calculate the highest common factor of 27 and f.
9
Suppose -5*l + 47 = -2*m, -2*l + l + 7 = 2*m. Let b = 999 + -996. What is the greatest common divisor of l and b?
3
Let m = -266 + 306. What is the highest common divisor of m and 260?
20
Let d be (-39)/(-2) + 2/4. Let i be (107/(-3) - -1)/(82/(-123)). Let y = 57 - i. What is the highest common divisor of d and y?
5
Suppose 400 = -54*w + 59*w. Let b be (-2)/(-4 - 54/(-14)). Let l be 5 - 1 - (-14 - b). Calculate the highest common factor of w and l.
16
Suppose -3*a = -2*g - 145, -4*g - 148 = -3*a - 5*g. Let h = a + -24. Calculate the greatest common factor of h and 225.
25
Suppose -f = -2*h - 14, -4*f - 5*h - 7 = 2. Suppose -4 = 5*c - 24, f*v - 20 = -c. Calculate the greatest common divisor of 4 and v.
4
Suppose 0 = -3*o + 23 + 19. Suppose 0*u = -6*u + 12. Calculate the greatest common divisor of o and u.
2
Suppose 7*m - 15 = 2*m. Let v = 694 + -342. Suppose k + m*k = v. Calculate the greatest common factor of k and 8.
8
Suppose 5*j - 13*j = 0. Let w be 2/2 - (-1 - 1). Suppose -w*q + 18 + 42 = j. Calculate the greatest common factor of q and 20.
20
Suppose b + 176 = -3*b. Let w = b - -52. What is the greatest common factor of 4 and w?
4
Let v(y) = y**3 - 9*y**2 + 4*y - 6. Let k be v(4). Let h = k + 97. What is the highest common divisor of h and 54?
27
Let h(m) = -3*m**2 - 74*m + 20. Let k be h(-24). Let d = 0 + 4. Calculate the highest common factor of d and k.
4
Let c = -282 - -512. Calculate the highest common factor of 20 and c.
10
Let s(j) = j**2 - 9*j + 11. Let o be s(9). Suppose 2*m - 6 = b - m, b - m = -4. Let l be (6/5)/b*-55. Calculate the greatest common divisor of l and o.
11
Suppose -r + 48 = 7*r. What is the highest common factor of 45 and r?
3
Let y(i) = -i + i - 8*i - 2 + 3*i. Let l be y(-4). Let p = -6 - -15. Calculate the greatest common factor of 